s the units digit of l(v)?
1
Let l = -517 + 525. Suppose l*a - 10539 = -a. What is the units digit of a?
1
Let y(m) = m**3 - 6*m**2 - 2*m + 81. Let u be y(7). Let g = 596 - u. What is the units digit of g?
0
Suppose -14*u - 159 = 39*u. What is the tens digit of 6/(-21) - u*(-26366)/(-42)?
8
Suppose 4*a + 16*g = 20*g + 55048, 27539 = 2*a + 3*g. What is the ten thousands digit of a?
1
Let h be (4 - 5) + -271 + 3. Let o = h - -380. Let z = 176 - o. What is the tens digit of z?
6
Let h(b) = 24*b - 5. Let v be 28/(-14)*7*-1. Suppose -2*y + 4*m - m = -v, 18 = 2*y - 4*m. What is the tens digit of h(y)?
1
Let x = -10443 + -5489. Let w be (-33)/11*(-16)/(-12). What is the tens digit of 1/w + 0 - x/112?
4
Let m be (-106)/(-8 - (-92)/12). Let n = m - -809. What is the hundreds digit of n?
1
Let y = 233 + -235. Let o(m) = -96*m - 46. What is the tens digit of o(y)?
4
Let w(v) = -2*v + 1. Let j be w(-1). Suppose 0 = j*i + 3 + 18. What is the tens digit of (-617)/i + 2/(-14)?
8
Suppose 0 = -2*g + 80*g - 0*g - 1153386. What is the units digit of g?
7
Let t = -813 + 529. Let p be t/(-6)*144/16. Suppose 4*r = -3*o + p, 2*o - r - 71 - 213 = 0. What is the tens digit of o?
4
Let m be -14*((-9)/(-4) + (-17)/(-68)). Let i = m + 118. What is the tens digit of i?
8
Suppose 5*k - n + 43 = 0, 4*n + n = -4*k - 17. Let d be (k + -1)*182/(-6). Suppose -l - 2*l + d = 0. What is the tens digit of l?
9
Let n(l) = 7*l**3 - l**2 - l. Let b be n(-1). What is the hundreds digit of (-7795)/b - ((-48)/21)/(-4)?
1
What is the tens digit of (61542/27 - -3) + (-5)/15?
8
What is the thousands digit of (-22232)/(-3) + -1 + ((-4)/(-3) - 1)?
7
Suppose -50*q = -43*q + 28. What is the tens digit of (-11 + (-564)/(-60))*2110/q?
4
Suppose 5*g - 4*m - 3733 = 8754, 4990 = 2*g - m. What is the units digit of g?
1
What is the thousands digit of (-20 + 36)*(1373 + 9)?
2
Suppose -3*y + 0 + 6 = 0. Suppose 0 = -4*q + 2*h + 26, -3*q = y*q - h - 25. Suppose 0 = 2*f - 5*a - 232 + 2, -2*a = -q*f + 444. What is the hundreds digit of f?
1
Suppose 0 = m - 16 + 12. Let w be (-4 + m)/((-1)/((-4)/(-8))). What is the tens digit of w + (-2)/(-1) - -44?
4
Let q(c) = -c**3 - c**2 + 5*c + 26. Let y(p) = -4*p**3 - 4*p**2 + 21*p + 104. Let g(r) = 9*q(r) - 2*y(r). What is the hundreds digit of g(-8)?
4
Suppose -7*u + 16896 = 5*u. Let q = u - 171. What is the tens digit of q?
3
Suppose -32 = -2*f + 54. Suppose -f*l + 9*l = -30940. What is the units digit of l?
0
Let t = -40 + 22. Let j(g) = g**3 + 19*g**2 - 12*g + 14. Let z be j(t). What is the tens digit of z/8 - ((-52)/(-16) + -3)?
6
Let w be 145/(-10)*-8 + -2. What is the hundreds digit of (w - 1) + -25 + 28?
1
Let h(v) = v**2 + 6*v + 18. Let q be h(-12). Let l be 14/(-3)*q/(-5). What is the units digit of (-2)/14 + 66*4/l?
3
Let f(g) = 386*g**3 - 35*g**2 - 14*g + 41. What is the units digit of f(3)?
6
Let r = -179 - -183. Suppose g = -5*a + 1323, r*a - 4*g = -0*g + 1044. What is the units digit of a?
4
Let r(b) = -b**2 - 18*b - 9. Let w be r(-9). What is the tens digit of w/(-7)*(19950/12)/(-19)?
0
Suppose 36*h - 29*h - 1963148 = -37*h. What is the hundreds digit of h?
6
Suppose 0 = 3*u + 4*i - 8, -2*u = -u + 3*i - 1. Let t = -168 - -132. What is the units digit of 1/(u + 142/t)?
8
Suppose -4 = -5*r + 1. Let g be (-22)/(-77) + r/(-7)*2. Suppose 73 = 3*m + 4*s, 5*m + g*m = 4*s + 111. What is the tens digit of m?
2
Suppose 6*y - 9*y = 2*w - 3, -3*y + 5*w = -24. What is the units digit of (-2 - (1 - 6))/(y/1308)?
8
Let o be ((-33)/(-7) + -3)/(5/35). What is the units digit of 8 + -11 + o + 238?
7
Let z(n) = 10 + 11*n - 3*n**2 - 2 + n**2. Let a be z(9). Let j = 79 + a. What is the units digit of j?
4
What is the units digit of 6/(-24) + (-2)/((-24)/124479)?
3
Suppose -49 = 4*a + 51. Let r = a + 33. What is the tens digit of (-2)/r - (-3804)/48?
7
Suppose -4*w + 10 = -9*w. Let x be -1*(-2)/(w/3). What is the tens digit of 39 - 1 - (-2 - x)*-3?
4
Let r(w) = -w**2 - 3*w + 17. Let c be r(-6). What is the units digit of 13690/45 - (21/(-27) - c)?
4
Suppose 0*a + 17*a - 51 = 0. Suppose 3*y - 190 = 4*z + 14, -4*z = y - 84. Suppose 2*v = -p + a*v + 20, -y = -5*p - 2*v. What is the tens digit of p?
1
Suppose -12*c + 15*c - 18 = 0. Suppose 2*o - c = 0, 7 + 98 = 3*k - 3*o. Let p = k + -18. What is the tens digit of p?
2
Suppose 3*n = -0*n - 18. Let m(u) = 9*u**2 - 25*u + 33. Let v(d) = 5*d**2 - 13*d + 17. Let w(c) = 4*m(c) - 7*v(c). What is the hundreds digit of w(n)?
1
Let n = 23955 - 16232. What is the thousands digit of n?
7
Let z = -74124 - -117220. What is the hundreds digit of z?
0
Let w(f) = f**2 - 4*f - 16. Let p(z) = 2*z**2 + 9*z - 6. Let d be -9 + 7/(28/12). Let n be p(d). What is the units digit of w(n)?
0
Let b = 31 - 46. What is the hundreds digit of ((-1456)/20)/(3/b)?
3
Let x be (-645948)/(-297) + 2/22. Suppose -6*l + 2160 = -l - 4*p, 5*l = p + x. What is the hundreds digit of l?
4
Suppose 7 = -4*i - 5, 3*z + 4*i - 2256 = 0. Suppose -38*n - 19 = -72 - 61. Suppose -n*h = -z - 120. What is the tens digit of h?
9
Suppose 19*f - 24 = 7*f. Suppose 0 = -5*v - 3*i + 1796, -f = 10*i - 11*i. What is the tens digit of v?
5
Suppose -26*r + 885 - 131 = 0. Suppose t - 363 = -r. What is the tens digit of t?
3
Let u = -52 - -585. Suppose -1469 = -8*c - u. What is the hundreds digit of c?
1
Suppose 5*j - 5*h = 15, 0 = -4*j - 3*h - 1 + 41. Suppose 3*n = -4*g + j, -g = -4*g - 4*n + 14. What is the tens digit of (g - -6)*(-332)/(-16)?
8
Let w be 0 - (-2)/(-4) - 117/(-2). Let x = w - -74. Let d = -126 + x. What is the units digit of d?
6
Let u(b) = -8*b**2 + 10*b + 6. Let d(q) = -17*q**2 + 19*q + 11. Let r(p) = -2*d(p) + 5*u(p). Let z be r(-5). Let s = 284 + z. What is the tens digit of s?
8
Let d = 23880 + -644. What is the units digit of d?
6
Suppose 6*m = -4*t + m + 21655, -3*m + 27059 = 5*t. What is the hundreds digit of t?
4
Suppose -i = -4*j + 107865, -12*j + 3*i = -10*j - 53945. What is the units digit of j?
5
Let g = 60 + -57. Suppose 2*m + 0*m + g*y - 40 = 0, 0 = -2*y - 4. What is the tens digit of m?
2
Let l(i) = -i**3 - 2*i - 1. Let k(v) = 2*v**3 - 14*v**2 + 7*v - 34. Let x(g) = -k(g) - l(g). What is the units digit of x(13)?
9
Let o be (-7)/((-196)/(-8)) - (-103)/(-7). Let u be 0 - 2/5 - 2601/o. Suppose m - 51 = 2*c, -2*m - m - 4*c = -u. What is the units digit of m?
5
Suppose -55*l + 25 = -50*l. Suppose 7*s = 2*s - l, 3*c + s - 338 = 0. Let h = -6 + c. What is the tens digit of h?
0
Let v be (2878*(-1)/(-10))/((-2)/(-10)). Suppose 0 = 3*u - i - v, 469 = u - 2*i - 19. What is the tens digit of u?
7
Let s(g) = 30*g**3 - 3*g**2 + 2*g + 41. Let j be s(5). Suppose -4*r + 73*z = 75*z - j, -4*z = -5*r + 4638. What is the hundreds digit of r?
9
Let s = 55052 + -24949. What is the thousands digit of s?
0
Let g = -217 + 979. Suppose -g = -9*k + 3*k. What is the tens digit of k?
2
Suppose 2*a = 5*w - 28598 - 1898, -2*w - 3*a = -12187. What is the thousands digit of w?
6
Suppose 2*f = q + 12, -38*q - 2*f = -33*q + 84. Let t(u) = u**3 + 20*u**2 - 12*u - 27. What is the tens digit of t(q)?
8
Let m = 9150 - 8925. What is the hundreds digit of m?
2
Let d be (0*(-3)/(-15))/1. Let s be (-35)/(-1) - (3 - 7 - d). Let h = 160 - s. What is the units digit of h?
1
Let y(v) = v**2 + 6*v - 34. Let d be y(3). Let s(c) = 26*c**2 + 8*c + 13. What is the hundreds digit of s(d)?
2
Let i = 704 + 4041. What is the thousands digit of i?
4
Let l(o) = -o**3 + 10*o**2 + 2*o - 14. Let z be l(10). Let g be 28*(z/36)/((-1)/(-3)). Let c = g + 10. What is the units digit of c?
4
Suppose -597854 = -150*i + 112*i. What is the tens digit of i?
3
Let w(h) be the third derivative of -h**4/2 + 7*h**3/3 - 18*h**2. Let c be w(3). Let v = c + 120. What is the tens digit of v?
9
Suppose 4*c = 4*k + 12, 0 + 4 = 2*c - 4*k. Let b(f) = 7*f**2 + f**3 + 2*f**2 + 7 + 3*f - 9*f**2. What is the tens digit of b(c)?
8
Suppose -132*i - 86790 = -138*i. What is the hundreds digit of i?
4
Let d(k) = -k**2 + 8*k + 12. Let f be d(9). Let p(x) = 10*x**3 - x - 9. What is the hundreds digit of p(f)?
2
Let d be (-3)/8 - 5/((-80)/(-14922)). Let j = d - -2024. What is the thousands digit of j?
1
Suppose 22*y - 630 = y. Suppose -3410 = 20*r - y*r. What is the tens digit of r?
4
Let m = 19228 + 1594. What is the tens digit of m?
2
Let u = 